 and 48?
6
Let j be 6/(-8) + 3/(-12). Let g be (-5)/j*8/5. Let q be (240/(-9))/((-4)/24*2). What is the highest common divisor of q and g?
8
Suppose 0 = -2*s + 13 - 5. Suppose -3 = -4*a + 5, 4*u - s*a = 252. What is the highest common divisor of 26 and u?
13
Suppose -73 = -2*n - p, -4*n - 1 = p - 144. Let x = -11 + n. Calculate the highest common divisor of 12 and x.
12
Suppose c = 3*u + 5*c + 8, -2*c = u + 6. What is the greatest common factor of u and 2?
2
Let a be (-3 - (-292)/16)*8. Let q = a + -66. What is the highest common factor of 7 and q?
7
Let w be -3 - 4 - 3 - -3. Let j = w + 12. Suppose 0 = 5*m - 202 - 73. Calculate the highest common divisor of j and m.
5
Suppose -2*k + 125 = 3*k. Calculate the greatest common divisor of k and 5.
5
Suppose 3*c + 3*c - 66 = 0. What is the greatest common factor of c and 11?
11
Suppose -2 = 2*b - 12. Suppose 6 = -3*w - 3, -p + 15 = -b*w. Suppose 5*l - o - 22 = p, 4*o + 4 = -3*l + 2*l. Calculate the greatest common divisor of l and 44.
4
Let h = 2 - -11. What is the highest common divisor of 104 and h?
13
Let s(a) = -a**2 + 11*a + 14. Let m be s(12). Suppose -2*j = m*n - 12, -19 = -4*n - 3. What is the highest common factor of 10 and j?
2
Suppose 0 = -4*t + 7 - 3, -4*l = -2*t - 14. Suppose -4*z = 5*y - 161, 3*z + 5*y = -12 + 129. What is the highest common factor of z and l?
4
Let s(v) = -2*v**2 + 17*v - 7. Let h be s(8). What is the greatest common divisor of 5 and h?
1
Suppose 2*g = -2*g + 12. Let t(m) = 4*m**3 - m**2. Let n be t(g). What is the greatest common divisor of n and 9?
9
Let j = 15 - -21. Calculate the greatest common divisor of 4 and j.
4
Let n = 222 + -219. Let d(f) = f**2 + f. Let a be d(2). What is the greatest common divisor of n and a?
3
Let n(s) = s**3 + 4*s**2 - 13*s + 2. Let m be n(-5). Calculate the greatest common factor of m and 294.
42
Let d(b) = 2*b + 10. Let w be d(8). Suppose 4*j - 46 = w. Calculate the highest common factor of 27 and j.
9
Let g(n) = -4*n**2 + 1 - 5*n**3 - 4*n**3 + 6*n + 7*n**3. Let q = 3 - 8. Let j be g(q). What is the greatest common factor of 11 and j?
11
Let f be (-1 - -2 - 1)/(-2). Suppose 2*d + d - 39 = f. Suppose -2*u - 6 = 4, -5*u + d = 2*k. Calculate the greatest common factor of 133 and k.
19
Let o = 2 + -1. Let s(z) = -5 - 6*z - 2 - z**2 + o. Let g be s(-4). What is the greatest common divisor of g and 14?
2
Suppose -336 = 3*l - 7*l. Let v be 5 - 2 - (3 - 28). What is the highest common divisor of v and l?
28
Suppose -4*p + 54 = 2*n - 7*p, 6 = -3*p. Let o(t) = t + 3. Let d be 2*1/((-4)/(-10)). Let c be o(d). Calculate the greatest common divisor of c and n.
8
Let i = -7 - -19. Let r = i + -7. Suppose -2*w + 7 + r = 0. Calculate the highest common factor of 66 and w.
6
Let l(a) = -a**2 + 17*a + 39. Let t be l(19). What is the greatest common factor of t and 2?
1
Let r(u) = -7*u**2 - 2*u + 6. Let v be r(-6). Let t = 362 + v. Calculate the highest common factor of 16 and t.
16
Suppose 2*q - t = -q + 1, -3*q - 3*t = -9. Let m = 0 + 2. Let b be m/8*(3 + 1). Calculate the greatest common factor of b and q.
1
Suppose 5*z - 3*b - 1145 = 0, 5*z - 500 = 2*b + 645. Suppose 0 = -4*r + 11 + z. Let o be 2/(-6) + (-219)/(-9). Calculate the greatest common divisor of r and o.
12
Let k be ((-1)/2)/((-3)/90). Let j = 45 + -18. Let l = 42 - j. What is the greatest common factor of l and k?
15
Let a = -6 + 8. Suppose 5*c = 12 - a. Let i be (9 - 1) + (-1 - 2). What is the greatest common factor of c and i?
1
Suppose -2*m + 0*m + 104 = 0. Let n = 31 - 28. Suppose 2*q = -4*h - 3*q + 317, -n*h = -q - 233. Calculate the greatest common divisor of m and h.
26
Let d be 55*3/15*3. Calculate the highest common divisor of d and 11.
11
Let u be 4/3*(-2 + 5). Calculate the greatest common factor of u and 8.
4
Suppose -5*q - 395 = -4*l, 4*l - 2*l - 190 = 4*q. What is the highest common divisor of l and 15?
15
Suppose 3*k - 3*c + 42 = 0, c + 3*c = -5*k - 61. Let q = 44 + k. What is the greatest common factor of 186 and q?
31
Let m be 2166/15 - 4/10. What is the greatest common factor of m and 18?
18
Let b(y) = y**3 - 4*y**2 + 4*y - 2. Let z be b(3). Let w = -16 - -30. Suppose -w - 14 = -4*n. Calculate the highest common divisor of z and n.
1
Let o(i) = -i**3 - 13*i**2 - 6*i - 6. Let h be o(-13). Let t = 4 - -8. Calculate the highest common divisor of h and t.
12
Let x = 190 + -133. Let i be 1*(x/(-3) + 2). Let o be 6/(0 - -3) - i. What is the highest common divisor of 133 and o?
19
Let f = -103 + 130. What is the greatest common divisor of f and 9?
9
Let p(o) = -o**2 - 20*o - 35. Let z be p(-17). Suppose -5*x + 265 = 4*c - 2*x, -3 = -x. Calculate the highest common factor of z and c.
16
Suppose 9 = b - 1. Suppose 21 = -2*f + 55. Let u be 4*(-1 + f/2). Calculate the greatest common factor of b and u.
10
Let d(c) = -2*c + 18. Let v be d(8). Calculate the highest common divisor of 3 and v.
1
Let h = -9 - -15. Let n(y) = y**2 - 9*y - 22. Let q be n(14). What is the greatest common factor of q and h?
6
Suppose -3*f + 5*q + 11 + 484 = 0, f - 165 = q. Calculate the highest common factor of 15 and f.
15
Let b(w) = 4*w**2 + 3*w. Let j be b(5). Suppose 3*c + 0*k = -5*k - 65, 0 = 5*c + 5*k + j. Let f = -18 - c. Calculate the greatest common factor of 28 and f.
7
Let s = 119 + -110. What is the highest common factor of s and 36?
9
Suppose g - 140 = -4*g. Suppose 0 = -4*s - 4*c + 64, 0 = -3*s - 4*c + 2*c + 46. Calculate the highest common factor of g and s.
14
Let c be (6/4)/(3/(-44)). Let x be 0/2 + -1 + c. Let g = 67 - x. Calculate the highest common factor of g and 18.
18
Let o be (-6 - -53) + (1 - 4). Calculate the greatest common divisor of 33 and o.
11
Let q = 12 - 7. Let t be 5/4 + (-2)/8. What is the greatest common divisor of q and t?
1
Suppose -5*z = v - 9*z - 10, v + z = 0. Let i be (0 - 1)/(v/(-44)). Calculate the greatest common factor of 11 and i.
11
Let q(b) = b**3 - 5*b**2 + 5*b - 3. Suppose 12 = -0*n + 3*n. Let t be q(n). Calculate the greatest common factor of t and 2.
1
Let h(u) = -u**2 + 11*u + 15. Let j be h(9). What is the greatest common divisor of j and 3?
3
Let n be 3 - (-183 + (-8)/(-2)). What is the highest common factor of 26 and n?
26
Let u be (-194)/(-8) + 1/(-4). Let c = 146 - 74. Calculate the greatest common factor of c and u.
24
Let n be (-5)/(-20) + 6814/8. Suppose 3*h - n = -5*a, 5*a - 2 - 13 = 0. Calculate the greatest common factor of h and 31.
31
Suppose -2*h - 34 + 104 = 4*r, -2*r + 32 = 2*h. What is the highest common divisor of r and 95?
19
Let o = 23 + -10. Let w(r) = 2*r + 7*r + o*r. Let h be w(1). What is the greatest common factor of 2 and h?
2
Let p be 90 - ((-34)/(-14) + 57/(-133)). Let g = -27 - -40. Suppose 2*h = 5*r - 30, -g = -5*r + 4*h + 7. Calculate the greatest common factor of p and r.
8
Suppose 2*r = 2, 0*n + 28 = 5*n + 3*r. What is the highest common divisor of 35 and n?
5
Let a be -3 + 8 - (-1 + 1). Suppose -15 = a*j - 70. Let b(m) = m**3 + 3*m**2 + m. Let v be b(-1). Calculate the highest common factor of v and j.
1
Let y be (-5 + 2 - -104) + 1. Suppose 4*q = 10 + y. What is the highest common divisor of 70 and q?
14
Suppose -4*b - 105 = -9*b. What is the highest common divisor of b and 189?
21
Let i = -28 + 33. Let o be (-399)/(-9) - 4/(-6). What is the highest common factor of i and o?
5
Suppose 14 = -2*b + 9*b. What is the greatest common divisor of 2 and b?
2
Suppose -5*f + 10*f + 10 = 0. Let t be (-32)/(0 + 4/f). What is the highest common divisor of 80 and t?
16
Let q be ((-62)/6)/((-2)/24). Suppose -k + q = 2*d + 3*k, 2*d = 3*k + 103. Let z = -23 + 37. What is the highest common factor of z and d?
14
Let i = -8 - -16. Let k be 54/i*2*6. Suppose 2*a + 0*a = -2*f + 58, -4*a = -3*f - k. What is the highest common factor of a and 60?
12
Suppose 6 = u - 22. Let d = -17 + u. What is the highest common factor of 121 and d?
11
Suppose -2*z + 35 + 11 = 0. Suppose -4*o + 13 + z = 0. Calculate the highest common factor of o and 72.
9
Suppose x = -2*l - 2*l + 190, x = -2*l + 194. Suppose -2*v - 1 + 3 = 0. Let z = v - -17. What is the greatest common divisor of z and x?
18
Let u(x) be the third derivative of x**5/30 + 7*x**4/24 + x**3/6 - 2*x**2. Let l be u(-5). Calculate the greatest common factor of 96 and l.
16
Let a = -71 + 74